 of 17?
False
Does 9 divide 709237?
False
Is 92 a factor of 3418536?
True
Is 45 a factor of 194883?
False
Does 139 divide 466744?
False
Is 172551 a multiple of 509?
True
Does 896 divide 3187968?
True
Does 486 divide 498402?
False
Does 455 divide 955500?
True
Is 56 a factor of 1038072?
True
Is 88 a factor of 4193288?
True
Is 25 a factor of 17000?
True
Is 47 a factor of 855584?
False
Is 6043928 a multiple of 7?
False
Is 944 a factor of 3735422?
False
Is 2188018 a multiple of 6?
False
Is 3 a factor of 132375?
True
Does 28 divide 1351960?
False
Is 125244 a multiple of 12?
True
Is 8 a factor of 2265416?
True
Does 481 divide 1956708?
True
Is 16896 a multiple of 352?
True
Does 113 divide 113791?
True
Does 462 divide 2855637?
False
Is 31 a factor of 546220?
True
Is 3729061 a multiple of 199?
True
Does 2 divide 1605405?
False
Is 34182 a multiple of 76?
False
Is 895694 a multiple of 58?
True
Is 25 a factor of 312670?
False
Does 254 divide 78409?
False
Is 2857425 a multiple of 465?
True
Does 11 divide 125092?
True
Is 344 a factor of 216376?
True
Is 6388 a multiple of 14?
False
Is 10665000 a multiple of 1000?
True
Is 275588 a multiple of 410?
False
Is 61 a factor of 2439573?
True
Does 27 divide 371250?
True
Is 73793 a multiple of 109?
True
Is 579 a factor of 73617?
False
Is 584430 a multiple of 847?
True
Is 412698 a multiple of 78?
True
Does 89 divide 1859121?
True
Is 66066 a multiple of 154?
True
Is 16 a factor of 94192?
True
Does 45 divide 392877?
False
Does 49 divide 85218?
False
Is 4 a factor of 355668?
True
Is 1179544 a multiple of 8?
True
Is 56 a factor of 231840?
True
Is 7 a factor of 36575?
True
Does 98 divide 53900?
True
Is 1286 a factor of 4970390?
True
Is 11 a factor of 6578159?
False
Is 15368640 a multiple of 80?
True
Is 18 a factor of 18027792?
True
Does 10 divide 5152666?
False
Is 428 a factor of 494915?
False
Does 69 divide 1154488?
False
Is 36 a factor of 5891436?
True
Is 10 a factor of 3085180?
True
Does 16 divide 164512?
True
Is 6 a factor of 57488?
False
Does 6 divide 231846?
True
Is 9 a factor of 3239749?
False
Does 261 divide 442656?
True
Does 14 divide 9347960?
False
Is 12 a factor of 1192522?
False
Is 140 a factor of 1207960?
False
Is 12 a factor of 300864?
True
Does 230 divide 9155003?
False
Does 281 divide 19305982?
False
Does 407 divide 361009?
True
Does 3 divide 68964?
True
Is 5422972 a multiple of 4?
True
Is 57 a factor of 106308?
False
Is 641013 a multiple of 134?
False
Is 118 a factor of 105610?
True
Is 2873 a multiple of 13?
True
Is 5 a factor of 197335?
True
Is 36 a factor of 9554220?
True
Does 3 divide 7872?
True
Is 9 a factor of 2970594?
True
Does 103 divide 2626603?
True
Does 25 divide 776242?
False
Does 100 divide 399659?
False
Does 113 divide 131908?
False
Does 40 divide 105748?
False
Does 4 divide 699980?
True
Is 10707901 a multiple of 717?
False
Does 194 divide 1924286?
True
Does 363 divide 5398899?
True
Does 257 divide 583684?
False
Is 80088 a multiple of 284?
True
Is 18180 a multiple of 4?
True
Is 2165297 a multiple of 10?
False
Does 432 divide 522105?
False
Does 33 divide 67254?
True
Is 152874 a multiple of 171?
True
Is 708800 a multiple of 5?
True
Is 4 a factor of 47910?
False
Is 359520 a multiple of 11?
False
Is 2248344 a multiple of 168?
True
Is 76 a factor of 1757731?
False
Is 1340 a factor of 2449520?
True
Is 10313071 a multiple of 311?
True
Is 119191 a multiple of 3?
False
Is 624700 a multiple of 607?
False
Is 29 a factor of 18147205?
False
Is 11600 a multiple of 40?
True
Does 116 divide 49996?
True
Is 1295903 a multiple of 49?
True
Is 14 a factor of 1380902?
False
Is 318 a factor of 2722080?
True
Is 26 a factor of 59308?
False
Is 236 a factor of 5665736?
False
Does 51 divide 86255?
False
Is 94 a factor of 89522?
False
Is 34320 a multiple of 8?
True
Is 5535538 a multiple of 214?
True
Is 40 a factor of 5501480?
True
Is 18 a factor of 1233522?
True
Does 131 divide 12365745?
True
Is 268830 a multiple of 19?
False
Does 121 divide 3823?
False
Does 16 divide 1232336?
True
Does 2 divide 833922?
True
Is 417 a factor of 511616?
False
Is 4888137 a multiple of 1299?
True
Is 341648 a multiple of 10?
False
Is 2401802 a multiple of 17?
False
Is 5 a factor of 96436?
False
Is 5571104 a multiple of 176?
True
Is 22600 a multiple of 10?
True
Does 27 divide 50579?
False
Does 100 divide 109613?
False
Is 111657 a multiple of 409?
True
Is 5 a factor of 484025?
True
Does 48 divide 21708?
False
Is 390478 a multiple of 34?
False
Does 34 divide 52836?
True
Is 667 a factor of 1426321?
False
Does 85 divide 6695705?
True
Does 18 divide 10171368?
True
Is 215566 a multiple of 26?
True
Is 22 a factor of 990311?
False
Is 162 a factor of 663771?
False
Does 22 divide 7830262?
True
Does 11 divide 3114254?
True
Is 93 a factor of 966270?
True
Is 11075 a multiple of 4?
False
Is 138060 a multiple of 13?
True
Is 1271 a factor of 4162853?
False
Does 7 divide 162960?
True
Is 737779 a multiple of 13?
False
Is 40 a factor of 196680?
True
Does 10 divide 1106940?
True
Does 47 divide 6947196?
False
Is 32 a factor of 2171363?
False
Is 18929935 a multiple of 19?
False
Is 22395 even?
False
Does 125 divide 2711108?
False
Does 26 divide 74932?
True
Is 127 a factor of 52895?
False
Is 941070 a multiple of 130?
True
Does 276 divide 3851580?
True
Is 621612 a multiple of 85?
False
Is 682374 a multiple of 13?
False
Is 330958 a multiple of 115?
False
Does 21 divide 49728?
True
Does 10 divide 1980150?
True
Is 33 a factor of 1126570?
False
Is 137941 a multiple of 11?
False
Does 73 divide 2624131?
True
Is 15 a factor of 2573721?
False
Is 58 a factor of 189602?
True
Does 458 divide 788534?
False
Is 29 a factor of 444280?
True
Is 1756455 a multiple of 57?
True
Is 12 a factor of 101874?
False
Is 237 a factor of 118737?
True
Is 70450 a multiple of 25?
True
Is 759570 a multiple of 14?
True
Does 15 divide 3092115?
True
Is 83 a factor of 2690196?
True
Is 6 a factor of 210454?
False
Is 299567 a multiple of 66?
False
Does 376 divide 8119344?
True
Is 957840 a multiple of 780?
True
Is 280 a factor of 10367000?
True
Is 3505565 a multiple of 37?
True
Does 930 divide 9064710?
True
Does 430 divide 200268?
False
Is 272064 a multiple of 32?
True
Is 628 a factor of 8385684?
True
Is 1481678 a multiple of 24?
False
Is 409828 a multiple of 116?
True
Does 12 divide 1784232?
True
Is 616233 a multiple of 55?
False
Is 84 a factor of 4491114?
False
Does 339 divide 155938?
False
Is 10276373 a multiple of 17?
False
Is 13 a factor of 114346?
False
Does 42 divide 327642?
True
Does 24 divide 557564?
False
Does 20 divide 4197280?
True
Does 332 divide 137116?
True
Is 40909 a multiple of 12?
False
Does 55 divide 805886?
False
Is 1900216 a multiple of 25?
False
Does 11 divide 2540010?
True
Is 66 a factor of 22770?
True
Does 388 divide 399379?
False
Does 3 divide 50363?
False
Does 6 divide 60376?
False
Is 6604645 a multiple of 37?
False
Is 25650 a multiple of 27?
True
Does 14 divide 876853?
False
Does 75 divide 566691?
False
Is 1046 a factor of 8700832?
False
Is 12 a factor of 1506560?
False
Does 31 divide 1762040?
True
Is 76847 a multiple of 21?
False
Is 853072 a multiple of 430?
False
Does 37 divide 82481?
False
Does 32 divide 3085088?
True
Is 24 a factor of 2161454?
False
Is 127 a factor of 876427?
True
Does 12 divide 101260?
False
Does 6 divide 2273937?
False
Is 899 a factor of 208568?
True
Is 145 a factor of 141664?
False
Does 177 divide 1848234?
True
Is 10 a factor of 65961?
False
Does 73 divide 442372?
False
Is 6389112 a multiple of 453?
True
Is 890 a factor of 4670720?
True
Is 818628 a multiple of 311?
False
Is 55 a factor of 186393?
False
Is 157665 a multiple of 15?
True
Is 2253636 a multiple of 12?
True
Is 115 a factor of 229409?
False
Is 10193629 a multiple of 65?
False
Does 35 divide 4071052?
False
Does 242 divide 200452?
False
Is 2887048 a multiple of 4?
True
Is 33176 even?
True
Does 9 divide 371195?
False
Is 446610 a multiple of 23?
False
Is 4 a factor of 2173?
False
Does 380 divide 895449?
False
Is 209577 a multiple of 47?
False
Is 40 a factor of 185680?
True
Is 27 a factor of 23760?
True
Does 6 divide 1090908?
True
Is 71 a factor of 187795?
True
Is 17375281 a multiple of 1771?
True
Is 20505046 a multiple of 137?
False
Does 297 divide 338985?
False
Is 4507839 a multiple of 153?
True
Is 